 o(i) = -2*i - 9. Let r be o(-6). Suppose 4*b = -4, 3*c + 2*b = 4*c + r. Let d(f) = -4*f - 4. What is d(c)?
16
Suppose 0 = -s - 5*w - 6, -2*w + 24 = 4*s - 24. Let k be -2*2/(-7)*s. Let c(y) = y - 9. What is c(k)?
-1
Suppose 3*r + 12 = -2*j, -2*r = -0*j + 5*j + 30. Let u(d) = -2*d - 8 - d**3 + 2*d**2 - 6*d**2 - 2*d**2 + 0*d**3. Determine u(j).
4
Let f(d) = -8*d - 1. Let r(q) = 22*q + 3. Let b(i) = 7*f(i) + 2*r(i). What is b(4)?
-49
Let i(f) be the third derivative of -1/120*f**6 + 0*f + 0 + 1/6*f**3 + 1/24*f**4 - 1/20*f**5 + 3*f**2. Suppose -q + 2*l = -5, -2*q - 2*l = -5*l - 6. Give i(q).
-2
Let s be 276/27 - (-2)/(-9). Let t(o) = -s + 8 - o - 3. Suppose -2*w - 25 + 13 = 0. Give t(w).
1
Let a(v) = -7*v + 4. Suppose -2*f - 30 = 4*f. Let i(s) = 6*s - 3. Let k(d) = f*a(d) - 6*i(d). Determine k(6).
-8
Let r(h) = 2*h**2 + 6*h - 1. Let o(l) = -15*l + 3. Let m(z) = o(z) + 2*r(z). Let v = -4 - -6. Give m(v).
11
Let v(r) = r - 14. Suppose 5 = -w - 4*n + 19, -5 = 5*w + 5*n. Let o(a) = a - 13. Let x(q) = w*o(q) + 5*v(q). Let f be 18/(-8)*(-16)/6. What is x(f)?
2
Suppose 32 = 3*c + k, -3*c + 94*k = 90*k - 37. Let b(q) be the third derivative of -q**4/24 + 3*q**3/2 - q**2. Give b(c).
-2
Let g = -1186 - -1199. Let a(x) = x**2 - 11*x - 32. What is a(g)?
-6
Let t(n) be the first derivative of n**3/3 - n**2/2 - 4*n + 2. Suppose -4*v + 14 = 146. Let a be v/(-77) - 25/(-7). Determine t(a).
8
Let i = 65 - 58. Let c(l) = l - 6*l + 13*l - i*l - 3. Determine c(7).
4
Suppose -12*t + 53 = -19. Let v(j) be the third derivative of -1/3*j**3 + 0 + 1/8*j**4 + 0*j - t*j**2. What is v(4)?
10
Let x(l) = -12*l - 29. Let v be x(-3). Let u(p) = 3*p - 15. Give u(v).
6
Let q(o) = o**3 - 2*o**2 + o - 2. Let c = -3 - -2. Let z be 7/(-7)*2*c. What is q(z)?
0
Let u(a) = a + 23. Suppose 44*v - 3*r + 79 = 39*v, -r - 25 = 2*v. Give u(v).
9
Let i(t) be the third derivative of t**6/120 - t**5/12 + t**4/12 - 5*t**3/6 - 18*t**2 + 2. Calculate i(4).
-13
Let v(b) = -5*b - 1. Let j be v(-3). Suppose -j = -4*i - 2. Let l(k) be the third derivative of -k**4/24 - 2*k**3/3 - 3*k**2. Give l(i).
-7
Let q(w) = -w**3 - 2*w**2 + 2*w - 4. Let b = -106 + 94. Let m be (104/(-208))/((-2)/b - 0). Give q(m).
-1
Suppose f + 2*m + 2 = 0, -3*f + 7*m = 3*m - 34. Let z(r) be the third derivative of 0*r + 1/12*r**4 - r**3 - 22*r**2 + 0. Give z(f).
6
Let f(o) be the second derivative of o**5/20 + o**4/3 + 2*o**3/3 - o. Let q be (-92)/(-207) - (-103)/(-9) - -8. Calculate f(q).
-3
Let b(p) be the second derivative of -p**3/6 - 3*p**2 - p. Let a(t) = -4*t**3 - 9*t**2 + 4*t + 5. Let u be a(1). Give b(u).
-2
Let g = 886 + -891. Let v(t) = t**2 + 8*t + 8. Determine v(g).
-7
Let x(h) = -h - 1. Let z = 15 + -7. Suppose -4*f = 4*q - z, -f + 4 = -2*f + q. Let m(w) = -w**2 + 3*w + 3. Let s(i) = f*m(i) - 4*x(i). Determine s(-1).
1
Let j(d) = -1 - 23 + 92*d - 95*d. What is j(-10)?
6
Let k = 21 - 21. Let y(l) = k*l - 1 - 2 - 2*l + 3*l. Determine y(2).
-1
Let k(m) = 2*m**2 - 28*m + 8. Let q(w) = -2*w**2 - 26*w - 10. Let d be q(-12). Give k(d).
8
Let c = 3 - 5. Let w(a) be the second derivative of -1/12*a**4 + 12*a + 1/6*a**3 + 0*a**2 + 0. Determine w(c).
-6
Let s(v) = 16*v - 3*v**2 - 2*v**3 + 17*v**3 - 17*v + 2*v**2. What is s(-1)?
-15
Let d be (-6)/(-45)*-3 + (-76)/10. Let i(a) = -a**3 - 8*a**2 - a - 7. Calculate i(d).
1
Let g(h) = -2*h**2 - 2*h + 2. Let f(y) = -48*y - 1443. Let n be f(-30). Give g(n).
-10
Let l(p) = -p - 11. Suppose 0*n + 4*n = -40. Let b be l(n). Let x(t) = 7*t**3 - 2*t - 1. What is x(b)?
-6
Let v(g) = g - 5. Let a be 6/24 + (-3)/12. Suppose -3*c + 50 + 40 = a. Suppose 5*r = -r + c. What is v(r)?
0
Suppose -47 = -6*z + 13. Suppose -5*h + 5*x + z = 0, -2*h + 5*x + 14 = h. Let v(t) = -2*t + 2. Calculate v(h).
6
Suppose -2*g + 5 - 1 = 0. Let k be g - (-5 + 0/(-4)). Let y(b) = 44*b - b**2 - 14 - 36*b + 6. Give y(k).
-1
Let p be (4 + (-135)/35)/(1/7). Let j(q) be the second derivative of 1/20*q**5 + 0*q**4 + 1/2*q**2 - q + 0 + 0*q**3. What is j(p)?
2
Let y be (0 - -3)*(2 - 1). Suppose 0 = y*x - 3*z + 15, -6 = -2*z + 5*z. Let f(c) be the second derivative of c**5/20 + c**4/2 - 4*c**3/3 + 16*c - 2. Give f(x).
7
Let m(q) = q + 4. Let t be m(-2). Let y be (-22)/(-8) + t/8. Let l(d) = y*d + 2*d - 1 - 4*d. Give l(1).
0
Let c = 157 + -96. Let l(v) = -3*v - c + 39 + 20. Suppose 0 = -s + 1 - 6. Determine l(s).
13
Let d(v) = v**3 + 2*v**2 + 4. Let t be 10/(-15)*3*8/1. Let o = -19 - t. Calculate d(o).
-5
Let f(w) = w**2 + 7*w + 4. Let q = 11 + -15. Calculate f(q).
-8
Let i = -27 - -31. Let u(x) = 5*x - i + 1 + 0 - 6*x. Determine u(-5).
2
Let k(b) = b**3 - 5*b**2 - 5*b - 4. Let u = 13 - -11. Let j be (1*15/(-6))/(3/(-6)). Suppose -j*g + g = -u. Calculate k(g).
2
Suppose -4*z + 4 = -7*z + 2*j, 3 = -3*j. Let b(i) = -i**3 - i**2 - 4*i - 4. Give b(z).
8
Let b(z) = -12*z**3 - 3*z**2 - 4*z - 6. Let r(i) = 5*i**3 + 2*i**2 + 2*i + 3. Let k(s) = 2*b(s) + 5*r(s). Determine k(-4).
-5
Let s(g) = -2*g**2 - 3*g + 11. Let u = -21 - -16. Let a(y) = 3*y**2 + 5*y - 16. Let x(o) = u*a(o) - 7*s(o). What is x(-3)?
6
Let l(k) be the first derivative of -k**5/60 - k**4/12 + 4*k**3/3 + 9. Let g(j) be the third derivative of l(j). Determine g(3).
-8
Let d(b) = -3*b**2 + 2*b + 1. Let x be d(-2). Let u = x + 18. Let m(t) = 3 - 1 + u + t**3 - 7*t**2 + 0*t**3 + 6*t. Determine m(6).
5
Let y(u) = 7*u + 5*u - 6*u - 6 - 2*u - 2*u. Determine y(5).
4
Let q(w) be the first derivative of -1/3*w**3 - 4*w + 5/2*w**2 - 5. Determine q(4).
0
Let k(g) = -1 + 8*g + 15*g + 16*g - 41*g. What is k(-4)?
7
Let x be -2*(-24)/(-18) - (-2)/3. Suppose -2*g = -7*g. Let r(t) = g*t - 2 - 2*t - 2*t. What is r(x)?
6
Let c be 1*8 + (-1)/1. Let w(r) = 1. Let m(f) = -f**2 + 5*f + 11. Let b(i) = -m(i) + 2*w(i). Let u(l) be the first derivative of b(l). What is u(c)?
9
Let g(n) = 3*n. Let i = 46 + -24. Suppose 2*p = -4 + i. Suppose -5*v + 1 = -p. Calculate g(v).
6
Let q(u) = u**2 + 6*u - 1. Let c(w) = -w**2 - 6*w + 13. Let d be c(-7). Suppose 0 = 4*k - 6*k - d, a - 10 = 5*k. Calculate q(a).
-6
Let m(j) = j - 8. Let n be m(8). Suppose w + w + 6 = n. Let g(l) = -l**2 - 2*l + 6. Let h be g(w). Let f(y) = y**3 - 3*y**2 + 4. Give f(h).
4
Let h(d) be the second derivative of -4*d**2 - 2/3*d**3 + 0 - 7*d. Let b = 16 + -22. Calculate h(b).
16
Let d(f) be the third derivative of 0*f**4 + 3*f**2 - 1/15*f**5 + 1/3*f**3 + 0*f + 0. What is d(2)?
-14
Let r(u) = 7*u + 8. Let b be 602/(-215)*(-1 - 7/(-2)). Calculate r(b).
-41
Let b(q) be the first derivative of -5*q**2/2 - 4*q - 83. What is b(-4)?
16
Let c = -14 + 22. Let g(t) = 42*t + 12*t**2 - 11*t**2 - 30*t - 20*t. Calculate g(c).
0
Let j(l) = -l. Let h be 2/2*(6 - 5). Let d = 4 - h. Let t be 4 + (-2)/(-3)*d. Give j(t).
-6
Let d(r) be the third derivative of 1/12*r**4 + 3*r**2 + 0*r - r**3 + 0. Suppose -11*l = -9*l + 6, -2*k - 2 = -4*l. Calculate d(k).
-20
Let v be (-36)/(-288) + (-33)/8. Let m(i) = -i**2 - i + 9. Give m(v).
-3
Let d(g) = -3*g**2 - 7*g - 7. Let s(z) = -4*z**2 - 4*z + 14 + 16*z + 11*z**2 - 1. Let j(r) = -5*d(r) - 2*s(r). Determine j(-10).
-1
Let h = -12 + 12. Suppose 4*c + 6 + 10 = h. Let v(r) = r**3 + 4*r**2 + r - 3. Give v(c).
-7
Let o = 56 - 53. Let r(n) = 3*n**2 - o + 1 + 4 - 3 - 3*n. Determine r(-2).
17
Let u(o) = -o**3 - 10*o**2 - 16*o + 5. Let x be u(-8). Suppose 2*f + 35 + 23 = x*d, -2*d + 4*f + 36 = 0. Let z(w) = w**2 - 11*w + 14. What is z(d)?
4
Let v(b) = -b**3 + 16*b**2 + 34*b + 43. Let a be v(18). Let t(s) = -s + 18. Determine t(a).
11
Let u(w) = 6*w**2 - 4. Let t(o) = -o**2 - 25*o - 43. Let s be t(-23). Calculate u(s).
50
Suppose -84*o + 20 = -88*o - 2*u, 0 = -4*o - 3*u - 20. Let z(p) be the second derivative of -p**4/12 - 5*p**3/6 + 5*p**2/2 - 2*p. What is z(o)?
5
Let f(c) be the third derivative of -c**6/120 - c**5/30 + c**3/6 + 91*c**2. Give f(-3).
10
Suppose 3*z = -t + 7, 3 = -4*z + 6*z - t. Suppose z*k + 4*k - 138 = 0. Let f(y) = -k - y**2 - y - 18 + 2*y**2 + 40. Give f(0).
-1
Let t(d) = -5*d**3 - 11*d**2 + d + 2. Let o(f) = 4*f**3 + 10*f**2 - 3. Let j(n) = 4*o(n) + 3*t(n). Let s(r) = 25*r + 694. Let p be s(-28). Calculate j(p).
12
Let d(v) = -v - 9. Suppose -125*o + 132*o = 0. What is d(o)?
-9
Let z(h) = -2*h + 1. Let f = 1 + 1. Suppose 3*a + f*a = 20. Suppose 2*r - 8 = 2*t, r - 9 = -0*t - a*t. Give z(t).
-1
Let